{"id":38,"date":"2022-02-02T09:50:26","date_gmt":"2022-02-02T09:50:26","guid":{"rendered":"https:\/\/alimentenhilfe.sh.ch\/?page_id=38"},"modified":"2023-01-31T06:09:52","modified_gmt":"2023-01-31T06:09:52","slug":"dokumente-und-nuetzliche-links","status":"publish","type":"page","link":"https:\/\/alimentenhilfe.sh.ch\/?page_id=38","title":{"rendered":"Dokumente und n\u00fctzliche Links"},"content":{"rendered":"\n<p class=\"has-medium-font-size\"><strong>Wichtige Links<\/strong><\/p>\n\n\n\n<p><a href=\"https:\/\/www.bj.admin.ch\/bj\/de\/home\/gesellschaft\/alimente.html\" data-type=\"URL\" data-id=\"https:\/\/www.bj.admin.ch\/bj\/de\/home\/gesellschaft\/alimente.html\" target=\"_blank\" rel=\"noreferrer noopener\">Bundesamt f\u00fcr Justiz \u2013 internationales Alimenteninkasso<\/a><\/p>\n\n\n\n<p><a href=\"https:\/\/sh.ch\/CMS\/Webseite\/Kanton-Schaffhausen\/Beh-rde\/Justiz\/Betreibungs--und-Konkursamt-407143-DE.html\" data-type=\"URL\" data-id=\"https:\/\/sh.ch\/CMS\/Webseite\/Kanton-Schaffhausen\/Beh-rde\/Justiz\/Betreibungs--und-Konkursamt-407143-DE.html\" target=\"_blank\" rel=\"noreferrer noopener\">Betreibungsamt Schaffhausen<\/a><\/p>\n\n\n\n<p><a rel=\"noreferrer noopener\" href=\"https:\/\/www.betreibungsschalter.ch\/de\/startseite\/\" data-type=\"URL\" data-id=\"https:\/\/www.betreibungsschalter.ch\/de\/startseite\/\" target=\"_blank\">Betreibungsamt suchen<\/a><\/p>\n\n\n\n<p><a href=\"https:\/\/sh.ch\/CMS\/Webseite\/Kanton-Schaffhausen\/Beh-rde\/Verwaltung\/Volkswirtschaftsdepartement\/Grundbuchamt---Notariat\/Amtliche-Beglaubigung-995187-DE.html\">Grundbuchamt \/ Notariat Beglaubigungsarten<\/a><\/p>\n\n\n\n<p><strong>Bundesgesetze:<\/strong><\/p>\n\n\n\n<p><a rel=\"noreferrer noopener\" href=\"https:\/\/www.fedlex.admin.ch\/eli\/cc\/2020\/4\/de\" target=\"_blank\">Inkassohilfeverordnung des Bundes<\/a><\/p>\n\n\n\n<p><strong>Kantonale Gesetze:<\/strong><\/p>\n\n\n\n<ul class=\"wp-block-list\">\n<li><a href=\"http:\/\/rechtsbuch.sh.ch\/CMS\/get\/file\/e927e42e-7c36-4c60-a8ed-5de7bb126749\" data-type=\"URL\" data-id=\"rechtsbuch.sh.ch\/CMS\/get\/file\/e927e42e-7c36-4c60-a8ed-5de7bb126749\" target=\"_blank\" rel=\"noreferrer noopener\">Gesetz \u00fcber die Einf\u00fchrung des Schweizerischen Zivilgesetzbuches vom 27. Juni 1911 (EG ZGB, SHR 210.100)<\/a><\/li>\n\n\n\n<li><a rel=\"noreferrer noopener\" href=\"http:\/\/rechtsbuch.sh.ch\/CMS\/get\/file\/a9d419ff-4063-492a-9a56-71624695a75f\" data-type=\"URL\" data-id=\"rechtsbuch.sh.ch\/CMS\/get\/file\/a9d419ff-4063-492a-9a56-71624695a75f\" target=\"_blank\">Verordnung \u00fcber die Inkassohilfe und Bevorschussung von Unterhaltsbeitr\u00e4gen f\u00fcr Kinder vom 14. Dezember 2010 (Alimenten-bevorschussungsverordnung, ABV, SHR 211.222)<\/a><\/li>\n<\/ul>\n\n\n\n<div class=\"wp-block-columns is-layout-flex wp-container-core-columns-is-layout-9d6595d7 wp-block-columns-is-layout-flex\">\n<div class=\"wp-block-column is-layout-flow wp-block-column-is-layout-flow\">\n<div class=\"wp-block-buttons is-content-justification-center is-layout-flex wp-container-core-buttons-is-layout-16018d1d wp-block-buttons-is-layout-flex\">\n<div class=\"wp-block-button has-custom-width wp-block-button__width-100\"><a class=\"wp-block-button__link has-background wp-element-button\" href=\"https:\/\/alimentenhilfe.sh.ch\/?page_id=70\" style=\"border-radius:0px;background-color:#ffaa00\">Formulare und Dokumente f\u00fcr Klienten<\/a><\/div>\n<\/div>\n<\/div>\n\n\n\n<div class=\"wp-block-column is-layout-flow wp-block-column-is-layout-flow\">\n<div class=\"wp-block-buttons is-content-justification-center is-layout-flex wp-container-core-buttons-is-layout-16018d1d wp-block-buttons-is-layout-flex\">\n<div class=\"wp-block-button has-custom-width wp-block-button__width-100\"><a class=\"wp-block-button__link has-background wp-element-button\" href=\"https:\/\/alimentenhilfe.sh.ch\/?page_id=72\" style=\"border-radius:0px;background-color:#ffaa00\">Dokumente und Formulare f\u00fcr Fachstelle<\/a><\/div>\n<\/div>\n<\/div>\n<\/div>\n\n\n\n<p><\/p>\n","protected":false},"excerpt":{"rendered":"<p>Wichtige Links Bundesamt f\u00fcr Justiz \u2013 internationales Alimenteninkasso Betreibungsamt Schaffhausen Betreibungsamt suchen Grundbuchamt \/ Notariat Beglaubigungsarten Bundesgesetze: Inkassohilfeverordnung des Bundes Kantonale Gesetze:<\/p>\n","protected":false},"author":1,"featured_media":0,"parent":0,"menu_order":0,"comment_status":"closed","ping_status":"closed","template":"","meta":{"_bbp_topic_count":0,"_bbp_reply_count":0,"_bbp_total_topic_count":0,"_bbp_total_reply_count":0,"_bbp_voice_count":0,"_bbp_anonymous_reply_count":0,"_bbp_topic_count_hidden":0,"_bbp_reply_count_hidden":0,"_bbp_forum_subforum_count":0,"footnotes":""},"class_list":["post-38","page","type-page","status-publish","hentry"],"_links":{"self":[{"href":"https:\/\/alimentenhilfe.sh.ch\/index.php?rest_route=\/wp\/v2\/pages\/38","targetHints":{"allow":["GET"]}}],"collection":[{"href":"https:\/\/alimentenhilfe.sh.ch\/index.php?rest_route=\/wp\/v2\/pages"}],"about":[{"href":"https:\/\/alimentenhilfe.sh.ch\/index.php?rest_route=\/wp\/v2\/types\/page"}],"author":[{"embeddable":true,"href":"https:\/\/alimentenhilfe.sh.ch\/index.php?rest_route=\/wp\/v2\/users\/1"}],"replies":[{"embeddable":true,"href":"https:\/\/alimentenhilfe.sh.ch\/index.php?rest_route=%2Fwp%2Fv2%2Fcomments&post=38"}],"version-history":[{"count":15,"href":"https:\/\/alimentenhilfe.sh.ch\/index.php?rest_route=\/wp\/v2\/pages\/38\/revisions"}],"predecessor-version":[{"id":260,"href":"https:\/\/alimentenhilfe.sh.ch\/index.php?rest_route=\/wp\/v2\/pages\/38\/revisions\/260"}],"wp:attachment":[{"href":"https:\/\/alimentenhilfe.sh.ch\/index.php?rest_route=%2Fwp%2Fv2%2Fmedia&parent=38"}],"curies":[{"name":"wp","href":"https:\/\/api.w.org\/{rel}","templated":true}]}}